 divided by y?
26
Suppose 0 = 22*j - 1159 + 5823. Let c(m) = -39*m - 12. Let z be c(-8). Let b = z + j. Calculate the remainder when b is divided by 30.
28
Suppose -31*k = 5*k - 1254 - 186. What is the remainder when 199 is divided by k?
39
Suppose 82 = -7*b + 103. Suppose 90 - 129 = -b*a. What is the remainder when 791 is divided by a?
11
Calculate the remainder when 5294 is divided by (-10)/(-4)*(60/6 - 4).
14
Let f(p) = -2*p**3 + 17*p**2 + 7*p + 22. Let t be f(9). Suppose -r - 4*c = 3*r - 312, -r - t*c + 69 = 0. Calculate the remainder when 564 is divided by r.
78
Let p be (-2)/(-2) + 606*12/(-24). Let d = p + 437. Calculate the remainder when d is divided by 39.
18
Suppose 5*f = 483 + 737. Calculate the remainder when f is divided by ((6/(-16))/((-113)/3164))/(51/42 - 1).
48
Let k(m) = -2*m**3 - 9*m**2 + 35*m + 5. Let p be k(-7). Suppose 2*s + 110 = p*y, -110 = -5*y + 10*s - 6*s. What is the remainder when 65 is divided by y?
21
Let k be -20*3/12*-5. Suppose 2*r - k = -3*r. Suppose 0 = 6790*f - 6932*f + 4686. Calculate the remainder when f is divided by r.
3
Suppose -15*i - 792 = 708. Let z = -104 - i. Let d(x) = 5*x**2 + 8*x + 36. What is the remainder when d(z) is divided by 43?
41
Suppose -7315 = -25*v + 10510. Suppose 0 = -33*o + 10*o + v. Calculate the remainder when 184 is divided by o.
29
Calculate the remainder when ((-8)/(-18) - 521824/414)/((-4)/6) is divided by 22.
20
Let b(k) = -129*k**2 - 1938*k - 37. Calculate the remainder when 2805 is divided by b(-15).
5
Let w(a) = 2*a**3 - 39*a**2 - 21*a + 63. Suppose -2*f + 52 = 3*x, -57*f + 4*x - 116 = -62*f. What is the remainder when 64 is divided by w(f)?
21
Let k = 80 + -71. Suppose 40*q = 49*q - k. Let g = 4 - 3. Calculate the remainder when g is divided by q.
0
Let r = 138 - 142. What is the remainder when (-5)/2*(336/35)/r is divided by 2?
0
Suppose 7 - 81 = -2*c. Suppose 2*v + 11 = -w, -44 = 2*w + 5*v - 17. Calculate the remainder when c is divided by w + 7 + (-19 - -24).
4
Let z(f) = 42*f**2 + 503*f + 20. Calculate the remainder when z(-12) is divided by 11 + 3*2/(-3).
5
Let c(k) = 59*k - 409. Let t be c(8). Suppose -263 = -8*m - t. What is the remainder when 131 is divided by m?
6
Calculate the remainder when 39321/510 - 2/20 is divided by 57.
20
Suppose 5*t - 3*i = -181, t = 4*t - i + 107. Let h = t - -39. Suppose -204 = -4*q + 2*m + 2*m, 5*m + 199 = h*q. What is the remainder when q is divided by 19?
18
What is the remainder when 595 is divided by (2737/92 - 20)/(3/36)?
10
Let j(a) = a**3 - 27*a**2 - 74*a + 1720. Calculate the remainder when 1259 is divided by j(29).
3
Suppose -3*f - 79 + 247 = 0. What is the remainder when ((-81451)/(-329) - 26 - 6/(-14)) + -4 is divided by f?
50
Let n = -8 + 40. Let u = n + -33. Let r = 25 + u. Calculate the remainder when r is divided by 7.
3
Suppose 90*u = 19498 + 305942. What is the remainder when u is divided by 721?
11
Calculate the remainder when 1410/1410*((0 - -1) + 1952) is divided by 20.
13
Let u be 42/(-8) - (-3)/12. Let k(j) = j**2 - 3*j. Calculate the remainder when (1/4)/((-10)/(-6360)) is divided by k(u).
39
Let l(g) = 2*g**2 - 334*g + 2879. What is the remainder when l(8) is divided by 3?
2
Let m(r) = 20*r + 10. What is the remainder when m(7) is divided by ((-564)/235)/((-1)/15) + (0 - 5)?
26
Suppose -6*x + 18 = -8*x. Let u(j) = -j**2 - 27*j - 11. What is the remainder when u(x) is divided by 17?
15
Suppose 5*q + w = 1, 4 = -q + w + 3. Let t(r) = r**2 - 27*r - 63. Calculate the remainder when t(-3) is divided by -10*(3/(-6) + q).
2
Let x = -518 + 945. Suppose -5*g = 2 - x. Calculate the remainder when g is divided by (-385)/10*4/(-7).
19
Let s = 467 - 465. Let v = -22 - -39. Let f = v + s. What is the remainder when 35 is divided by f?
16
Let j = -23881 + 23885. Calculate the remainder when 555 is divided by j.
3
Let q(a) = 73*a**2 - 7*a + 50. Calculate the remainder when q(5) is divided by 19.
16
Let l = -55 - -120. Let w = l + -43. Suppose -w*t = -18*t - 48. Calculate the remainder when 21 is divided by t.
9
Let u = 5964 + -5140. What is the remainder when u is divided by 33?
32
Let k = 151 + -106. Let c be 2/(-5) + (-162)/k. What is the remainder when c*(-49)/4*1 is divided by 25?
24
Let u = -3101 + 3117. What is the remainder when 2765 is divided by u?
13
Let w be ((-2)/(-3))/(-3*(-2)/27). Suppose -r = l - 84, 0 = 2*r + 2*r - w*l - 350. Calculate the remainder when r is divided by 22.
20
Let w(z) be the third derivative of z**5/30 - 15*z**4/8 + 117*z**3/2 + z**2 - 6. Calculate the remainder when w(13) is divided by 2/(-4) + (-146)/(-4).
32
Let f = 1143 - 1135. Calculate the remainder when (-459)/(-9) - (1 - -4) is divided by f.
6
Let c(z) be the first derivative of 17*z**2/2 - 7*z - 28. Let n(m) = 8*m - 3. Let w(d) = 3*c(d) - 5*n(d). What is the remainder when w(10) is divided by 21?
20
Let z(s) = s**3 + 58*s**2 + 54*s - 42. What is the remainder when 526 is divided by z(-57)?
10
Suppose -391*k = 378*k - 760*k - 5931. Calculate the remainder when k is divided by 22.
21
Suppose 2*a = 17 - 9. Suppose -8*s = -a*s. Suppose -2*o - 4*k + 4 = s, o = -0*k + 2*k + 22. Calculate the remainder when 70 is divided by o.
10
Suppose -11*v + 255 = -9. Let b(p) = -p + 10. What is the remainder when v is divided by b(0)?
4
Let n(f) = f**3 - 111*f**2 + 428*f + 26. Calculate the remainder when 2128 is divided by n(107).
22
Suppose 4*t = 30 + 114. Suppose t = 15*k - 924. Calculate the remainder when 637 is divided by k.
61
Let c(y) = 5*y + 23. Let q be c(-4). Suppose -q*m - d = 0, 0 = 2*m + 2*m + 3*d. Suppose m = 32*v - 31*v - 23. Calculate the remainder when 52 is divided by v.
6
Calculate the remainder when 1/((12/(-212))/(7 - (29 - 7))) is divided by 145.
120
Calculate the remainder when (-1)/(-4)*-7*152/399*-4206 is divided by 11.
10
Let n(a) = -36*a**3 - a**2 - 26*a - 131. What is the remainder when n(-5) is divided by 25?
24
Suppose -3*w + a + 83 = 0, -5*a - 99 = -5*w + 46. Let y = 770 - 765. Calculate the remainder when (-8785)/(-140) - y/(-4) is divided by w.
10
Let w(m) = -6*m + 21. Let f be w(4). Let g be (-9)/6 - f/2. Suppose 10*c - 9*c - 44 = g. Calculate the remainder when c is divided by 24.
20
Let k = 150 - 113. Suppose 85 = 4*y + 5*l, -7*y = -5*y - 3*l - k. Calculate the remainder when 34 is divided by y.
14
Suppose 2*q = -n + 63, 5*q + 12 + 8 = 0. Calculate the remainder when 121 is divided by n.
50
Suppose a + 0 = -0. Suppose a = -10*c + 31*c - 252. Calculate the remainder when 31 is divided by c.
7
Let o(x) = 4*x**3 + 5*x**2 - 7*x + 3. Let h be o(2). Let g = 4 + h. Calculate the remainder when g is divided by 24.
21
Let z = 568 + -579. Let k = z + 15. Calculate the remainder when 6 is divided by k.
2
Suppose 17*b + 72*b - 78476 = -3*b. Calculate the remainder when 3419 is divided by b.
7
Let g = -82 - -109. Suppose -g*b + 34*b = 504. What is the remainder when b is divided by 15?
12
Suppose 5*a + 5*x = 9*a - 1, -a + 5*x + 4 = 0. Suppose 0 = -39*n - 1300 - 1900 + 1016. Calculate the remainder when 11*(a - 0)/(14/n) is divided by 12.
8
Let l = -37 + 41. Suppose l*r = r - 2*r. Suppose 0 = -2*k + 3*m - 44 + 119, 4*k + m - 129 = r. What is the remainder when 129 is divided by k?
30
Let i(r) = -3*r**2 - 45*r - 22. Let d be i(-14). Suppose 11 + 7 = w - 3*l, -42 = -2*w + 3*l. Calculate the remainder when w is divided by (d/6)/((-10)/(-15)).
4
Suppose -17*c = -4316 + 219. Suppose 0 = -2*m + 3*h + c, 2*m - 5*m - 5*h = -314. What is the remainder when m is divided by 35?
8
Suppose -4*q = p - 16, 2 = 5*q - 5*p + 7. Suppose 2*r = q*r - 4*u, 4*u = 4*r - 36. Calculate the remainder when ((-26)/143 - 0) + (-354)/(-11) is divided by r.
8
Suppose 0 = 2*c - 5*q - 0*q - 768, -4*c = -4*q - 1512. Calculate the remainder when c is divided by 27.
23
Suppose -85*k + 35*k - 41*k + 6279 = 0. Calculate the remainder when 2200 is divided by k.
61
Suppose -89*k + 4189 = -3999. Let w(r) = -r + 1. Let i be w(-2). Suppose 2*l + d = 36, -i*l - 7 = 2*d - 60. What is the remainder when k is divided by l?
16
Let f = -491 - -787. Let a = 335 - f. Calculate the remainder when 265 is divided by a.
31
Let h(m) = 2*m**3 - 18*m**2 + 24*m + 5. Let l be h(11). Suppose 0 = -18*f + 1659 + l. What is the remainder when f is divided by 34?
32
Suppose 0 = 458*b - 4